e greatest common divisor of 334 and g?
2
Let k(c) = 7*c**2 + 15*c + 20. Let w be k(-4). Let m = -15 + 33. Calculate the greatest common divisor of w and m.
18
Let c(s) = -4*s + 33. Let b be c(12). Let y = 70 + b. Calculate the highest common divisor of y and 11.
11
Let z = 311 + -211. Calculate the highest common divisor of 4 and z.
4
Suppose 386 = 5*k + d, -k + 31*d - 30*d + 82 = 0. What is the highest common factor of 65 and k?
13
Let y(f) = 12*f + 4. Let a be y(3). Suppose -3*l - 2*r + a = 0, 4*l - 3*r + 7*r = 48. Let q = -6 - -10. What is the highest common factor of q and l?
4
Let y(i) = i**3 + 9*i**2 - 12*i - 13. Let v be y(-10). Suppose -v*m + 124 = -6*m. What is the greatest common divisor of m and 31?
31
Let z = -87 + 141. Let b = z - 11. Calculate the greatest common factor of b and 172.
43
Let z be ((-284)/(-16))/(1/4). Suppose -k - z = -25. Let w = 64 + k. Calculate the greatest common divisor of w and 90.
18
Suppose 4*p = -3*f + 3431, -f - 1922 = -5*p + 2343. Calculate the greatest common factor of p and 14.
14
Let q be 3/(-36) + (-3194)/(-24). What is the greatest common divisor of q and 19?
19
Let z(m) = -2*m**2 + 25*m - 9. Suppose -39 = 2*x - 5*x + 2*v, 0 = 4*v + 12. Let q be z(x). What is the greatest common divisor of 3 and q?
3
Let y = 358 + -73. Calculate the highest common divisor of 57 and y.
57
Let z be (41/205)/(1/(-12))*-10. Let h = -17 + 47. Let d = 42 - h. Calculate the highest common divisor of d and z.
12
Suppose 3*f - 63 = 4*b - 0*f, -f = -4*b - 53. Let q = b - -6. Let i(x) = -5*x. Let u be i(q). Calculate the greatest common divisor of 30 and u.
30
Let a = 1629 + -1625. What is the greatest common divisor of 73 and a?
1
Let w = -4 - -2. Let a be ((0 - -3) + 2)/w*-2. Suppose -3*c - c - 133 = -5*p, -p - c = -23. Calculate the greatest common divisor of a and p.
5
Let s be (-3 - 717/(-9))*3. What is the highest common factor of s and 46?
46
Suppose -68 = -30*g - 38. What is the greatest common divisor of 1 and g?
1
Let o = -24 + 66. Let v(r) = -r**3 + 8*r**2 - 7*r + 6. Let b be v(7). Calculate the greatest common factor of b and o.
6
Suppose -g = 5*s + 3*g + 230, -g - 5 = 0. Let c be 576/s - 4/14. Let b = 16 + c. What is the highest common factor of b and 1?
1
Suppose -q + 36 = -3*o, 51*q - 55*q = o - 196. Calculate the greatest common divisor of 592 and q.
16
Suppose 5*d + 44 = -81. Let s = d - -35. Suppose 5*j = -5*h + 540, 2*j - 3*h = 3*j - 104. What is the highest common divisor of j and s?
10
Suppose -z = -4*z + d + 85, 4*z - 4*d = 116. Calculate the greatest common divisor of 42 and z.
14
Suppose -4*j - 12 = -48. Suppose -2*c + 17*g + 20 = 15*g, -2*c + 13 = 5*g. What is the greatest common factor of c and j?
9
Let d be ((-78)/5)/(-4 + 90/25). What is the greatest common divisor of d and 6?
3
Suppose -6*g = -9*g - 12. Let o be (-1*11)/(g/32). Let t = -13 - -21. Calculate the greatest common divisor of t and o.
8
Suppose 4*u = 3*q - 28, -4*q + 5*q = -3*u - 8. Suppose 2*y - 3*d - d - 56 = 0, -q*y - 5*d + 47 = 0. What is the highest common divisor of y and 24?
6
Let s(f) = f**2 - 10*f - 32. Let b be s(14). Suppose -k - 3*d + 24 = 3*k, b = 4*k + d. Calculate the greatest common divisor of 30 and k.
6
Let w be (-1 + -3 - -2)*-56. Calculate the greatest common factor of 14 and w.
14
Suppose -2*g = -2*z - 2, -5*g + 6*z + 20 = 4*z. Calculate the highest common divisor of 78 and g.
6
Let v = -207 + 382. Calculate the greatest common divisor of 50 and v.
25
Suppose 5*j = 0, 5*i = -4*j - 18 - 27. Let n be -1 + 132/5 - i/15. What is the highest common factor of n and 2?
2
Let g = -13 + 27. Let q = g + -10. Let j be 2 + 2*18 + q. Calculate the greatest common divisor of j and 6.
6
Let p be 284/18 - (-4)/18. Let j(h) = 5*h**2 - 83*h + 110. Let n be j(17). Calculate the greatest common factor of n and p.
16
Let h(p) = -2*p + 8. Let b be h(3). Let g be 4/(-4)*-22 - b. What is the highest common divisor of 4 and g?
4
Suppose 0 = -2*a + 4*a - 702. Suppose 4*i = i + a. Suppose 4*p - 78 + 26 = 0. Calculate the highest common factor of i and p.
13
Let l(c) = -39*c - 232. Let f be l(-6). Calculate the greatest common divisor of f and 58.
2
Let i(n) = n**3 - 8*n**2 - 5*n - 22. Let r be i(9). Suppose -q + 88 = 4*y - 0*q, 0 = -3*y + 4*q + 47. What is the highest common divisor of y and r?
7
Let n be 2/(-6) + 482/6. Suppose -12 = -h + 4*r, -9 = -4*r - 5. Calculate the greatest common divisor of n and h.
16
Suppose 12*d - 26 = 262. What is the greatest common divisor of 48 and d?
24
Let i be 1/((24/200)/3). Calculate the highest common divisor of 475 and i.
25
Suppose -14*c - 3 = -17*c. Let j be (-12)/9*(c + -223). Suppose 3*a - 4*f - f = 226, 4*a = 4*f + j. Calculate the greatest common divisor of a and 36.
36
Suppose 3*x - 44 = -x. Let b(u) = -u**2 + 5*u + 2. Let z be b(5). Let c be 6*(-1)/z + 91. What is the highest common divisor of c and x?
11
Suppose -64*t - 53918 = -153118. What is the highest common factor of 50 and t?
50
Let s = -20 - -32. Let k(x) = 0*x**2 - 12*x**2 + 3 + x + x + x**3 - 20. Let o be k(s). What is the highest common divisor of o and 35?
7
Suppose 0 = -w - 3*h + 225, 4*h = 2*w + h - 450. Calculate the highest common factor of w and 25.
25
Let f = 32 - 28. Suppose g - 3 = f. Calculate the greatest common divisor of 7 and g.
7
Suppose 2*w + 5*f = 127, 92 - 301 = -4*w + 5*f. What is the greatest common divisor of w and 96?
8
Let b = 149 + -89. Let z(r) be the first derivative of -r**3/3 - 7*r**2 + 12*r - 14. Let c be z(-14). Calculate the greatest common factor of b and c.
12
Suppose 4888 = 71*b - 24*b. Let d be (93/(-2))/(2/4). Let k be 2/(-7) - d/7. What is the highest common factor of b and k?
13
Let m(l) = 4*l + 10. Let f be m(0). What is the greatest common divisor of f and 80?
10
Let q(y) = 16*y**2 - 6*y - 4. Let r be q(-6). What is the highest common divisor of r and 76?
76
Let u be (2/(-8))/((-7)/(-17052)*-7). Calculate the greatest common divisor of 3 and u.
3
Suppose -18 = -6*j + 5*j. Suppose 3*i - 72 = -4*c - i, c - 5*i = j. What is the greatest common factor of 90 and c?
18
Let m be (84/12)/(0 + 1). Let h = m + 27. What is the greatest common factor of h and 17?
17
Suppose 6*g - 23 = -59. Let y be 4 + (-1)/(g/126). Calculate the greatest common divisor of 200 and y.
25
Suppose 0 = -r - y + 1, 3*r = -r + y - 1. Suppose r = -q - 16 + 24. Calculate the greatest common factor of q and 24.
8
Let x = -4 + 13. Suppose -2*w + 10 = 4*q, 0 = w - 0*w - 2*q - 5. Suppose -3*m - p - p + w = 0, -4 = -5*m + p. What is the greatest common divisor of m and x?
1
Suppose 26 = 2*k + 3*u, 0 = 3*k - 5*u - 29 + 9. Let o = k - -31. Calculate the greatest common factor of o and 451.
41
Suppose 3*r = -35 + 221. What is the highest common factor of r and 31?
31
Suppose 0 = 18*b - 51*b + 118800. What is the highest common divisor of b and 72?
72
Let o = 110 - 14. What is the greatest common factor of o and 36?
12
Let r(h) = -h**3 + 10*h**2 - 9*h + 12. Let d(k) = k**2 - k - 3. Let i be d(-3). Let n be r(i). Calculate the greatest common factor of 8 and n.
4
Suppose -21*s - 13 = -139. What is the highest common divisor of s and 6?
6
Let s(z) = 12*z**2 - 64*z + 34. Let o be s(5). What is the highest common factor of o and 1561?
7
Suppose 9*d - 4*c = 4*d + 92, 3*d - 3*c - 57 = 0. Let s be (-96)/84 + (-108)/(-21). What is the highest common divisor of d and s?
4
Suppose -2*z = -0 - 2. Suppose -4*y = -5*m - z, -3*y = -m - 7 - 2. Suppose -v = -y*c + 3*c + 2, -2*c + v = -7. What is the highest common divisor of 2 and c?
1
Let z(g) = 46*g + 614. Let d be z(-12). What is the highest common divisor of 2542 and d?
62
Let j(q) = 3*q**2 + 11*q - 20. Let l be j(-6). Let d = 158 + -81. What is the greatest common factor of l and d?
11
Let n be (-870)/(-40) - 3/(-12). Let u = 92 + -45. Let v = 113 - u. Calculate the greatest common divisor of n and v.
22
Suppose 0 = 5*t + 4*r - 16, 6*r - 2*r + 24 = 5*t. Suppose 0 = -4*y + 4, -3*s + 2*y = t*y - 20. Calculate the greatest common factor of s and 54.
6
Let f = -349 - -492. Let h = f - 125. Calculate the greatest common factor of h and 6.
6
Let s(h) = -8*h - 13. Let f be s(-9). Let b = f - 48. Calculate the greatest common factor of b and 22.
11
Let w = -4 - -15. Let l = 19 - -36. Suppose 297 = 4*g